
Let a be ((-4)/10)/(2/60). Let d = a - -17. What is the remainder when 13 is divided by d?
3
Suppose -129 + 53 = -3*n + 2*q, 0 = 2*n - 4*q - 56. Suppose -4 = 4*z - n. What is the remainder when 7 is divided by z?
2
Suppose 365 + 72 = 19*s. Calculate the remainder when 60 is divided by s.
14
What is the remainder when (5 - 9 - (-64 - 1)) + -2 is divided by 7?
3
Let u(c) = 3*c - 16. What is the remainder when 3 is divided by u(6)?
1
Let v be (3 - 3) + 1 + -1. Let q be -2 + 4 + 16 - v. Let s = q + 1. Calculate the remainder when 36 is divided by s.
17
Suppose 5*c - c = 20. Suppose 1 = -2*q + c. Suppose j = -0*j + q. What is the remainder when 4 is divided by j?
0
Let k be 5/(-2 + (-42)/(-20)). Suppose f - 4*o = -16, 3*o + 2 = 4*f + 1. Suppose 0 = 6*y - f*y - k. Calculate the remainder when y is divided by 13.
12
Let v(y) = 3*y + 9 - 4 - y. What is the remainder when v(9) is divided by 12?
11
Let r = 26 - 6. Suppose n - 3*n + 116 = 0. Calculate the remainder when n is divided by r.
18
Suppose 0 = 2*c - 2*u - 0*u, 0 = -c + 3*u - 10. Let v(w) = -w**3 + 8*w**2 - 7*w. Let r be v(7). What is the remainder when r + 16 + -2 + -1 is divided by c?
3
Suppose 0 = -4*k + 16, 4*k = -5*l - k - 5. Calculate the remainder when 5/l + 137 + 1 is divided by 35.
32
Let o = 39 + -30. What is the remainder when 16 is divided by o?
7
Let i(u) = u**3 + 5*u**2 - u - 4. Let f be i(-5). Let o = -1 + f. Suppose -5*a + 2*a + 66 = o. What is the remainder when 42 is divided by a?
20
Suppose 0 = -f - 1 + 6. Suppose 2*y - 22 = -n, 2 = f*n - 4*y - 38. Calculate the remainder when 33 is divided by n.
9
Suppose -9*i + 192 = -42. What is the remainder when i is divided by (2 - 0)*9/2?
8
Suppose -4*f - 3*q = -16, -f - q + 2*q = -4. Suppose c + f*c = 15. Calculate the remainder when c is divided by 2.
1
Let w be (-8)/4 - (-1 - -74). Let q(s) = 27*s + 7. Let g be q(-5). Let n = w - g. Calculate the remainder when n is divided by 18.
17
Let b(j) = -j**3 + 5*j**2 - 3*j - 4. Let a be b(4). Suppose 4*o - 2*v - 54 = -a*o, 0 = -5*o + v + 66. What is the remainder when 24 is divided by o?
11
Let t = 73 - 44. Calculate the remainder when t is divided by 5.
4
Suppose 0 = -o - i + 48, -2*o + 5*i + 128 = o. Calculate the remainder when o is divided by (-2)/2 + 4 + 13.
14
Let m = 12 - 2. Suppose -3*q + m = -4*q. Let g = 22 + q. What is the remainder when g is divided by 7?
5
Let v = -24 - 146. Let z be 4/(-14) + v/(-7). Calculate the remainder when (z/15)/(4/10) is divided by 3.
1
Suppose -5*t = -y + 40, 2*t + 152 = 5*y + 21. Calculate the remainder when y is divided by 14*(1 - (-1)/(-2)).
4
Let f(y) be the first derivative of -y**2/2 + 8*y + 2. Let v(o) = -o**3 - 6*o**2 - o - 5. What is the remainder when v(-6) is divided by f(7)?
0
Suppose -2*t - 2*t = -24. Suppose h - u - 9 = 0, -2*h - 2*u = -u - t. What is the remainder when 19 is divided by h?
4
Let a = -46 - -80. Let z = 29 + -20. Calculate the remainder when a is divided by z.
7
Let s be 39*(8/3 - 3). Let v = 34 - s. What is the remainder when v is divided by 12?
11
Let k = -43 - -69. What is the remainder when k is divided by 13?
0
Let m(h) = h**3 + 3*h**2 + 3*h + 1. Let a be m(-2). Let k = 4 - a. Let f = 13 + 1. What is the remainder when f is divided by k?
4
Let o = 63 + -54. Calculate the remainder when o is divided by 4.
1
Suppose 2 = 2*c - 2. Calculate the remainder when 27 is divided by (45/6)/(c/4).
12
Let m = 23 - -68. Let y = m - 60. Let u(r) = 2*r**2 - 6*r - 4. Calculate the remainder when y is divided by u(5).
15
Let i = -17 - -28. Calculate the remainder when i is divided by ((-8)/3)/((-6)/9).
3
Let p(z) = -z + 11. Calculate the remainder when 6 is divided by p(5).
0
Let q(r) be the second derivative of 5*r**4/6 - r**2/2 - 7*r. Calculate the remainder when q(2) is divided by 14.
11
Suppose -95 = -a - 4*a. Let k = 21 + -14. Let v = 14 - k. What is the remainder when a is divided by v?
5
Let x(r) = r**2 + 8*r + 37. What is the remainder when x(0) is divided by 19?
18
What is the remainder when 4 - (-36)/(-8) - (-170)/4 is divided by 4?
2
Let f(g) be the second derivative of g**4/12 - 2*g**3/3 + 3*g. What is the remainder when 17 is divided by f(5)?
2
Suppose 5*z - 45 = 5*u, u + 39 = 4*z - 4*u. Let i = 25 + -21. Calculate the remainder when z is divided by i.
2
Let g = -46 + 202. Suppose 4*v + 2*v - g = 0. Calculate the remainder when v is divided by 1/(-4) + (-29)/(-4).
5
Let j(q) be the first derivative of -1/3*q**3 + 1/4*q**4 + 2 + 1/2*q**2 + 25*q. Calculate the remainder when j(0) is divided by 7.
4
Let l(a) = -a**3 - 18*a**2 + 17*a + 18. Calculate the remainder when l(-19) is divided by 19.
18
Suppose -5*i = 3*h - 60, -h + i + 14 = 2. Calculate the remainder when 42 is divided by h.
12
Let x(v) = v**2 - 7*v + 7. Let b be x(5). Let j = 6 + b. Suppose -5*p + 0*p + 20 = 0. What is the remainder when p is divided by j?
1
Let r = -4 - -18. Let s = -11 - -38. Calculate the remainder when s is divided by r.
13
Suppose 0 = 17*p + 972 - 2706. What is the remainder when p is divided by 26?
24
Let u = -15 + 31. Suppose 4*h - 149 = -3*s, 2*s + 5*h - 99 - 5 = 0. What is the remainder when s is divided by u?
15
Let v(q) = 37*q - 13. Calculate the remainder when v(2) is divided by 8.
5
Let d = 2 - 11. What is the remainder when 39 is divided by (-120)/d + 2/3?
11
Let n(y) = -y**3 + 10*y**2 - 9*y - 7. Calculate the remainder when n(8) is divided by 10.
9
Let u = 76 + 77. Suppose 4*w + 53 = u. Calculate the remainder when w is divided by 13.
12
Suppose 0 = f + 3 + 2. Let i be 3/(f/(40/(-6))). Let h = i + 1. What is the remainder when 14 is divided by h?
4
Let n(l) = -l**2 + l + 4. Let y be n(3). Let v = y + 5. Suppose -v*h + 70 = -59. What is the remainder when h is divided by 15?
13
Suppose t + 12 = 4*t. What is the remainder when 14 is divided by t?
2
Let t = 197 + -86. What is the remainder when t is divided by 28?
27
Let h(n) = n**2 + 33. Suppose 0 = -2*m - 2*m. Calculate the remainder when h(m) is divided by 9.
6
Let u be 9/(-5) - (-1)/(-5). Calculate the remainder when u/3 + (-843)/(-9) is divided by 24.
21
Suppose -3*d + 3 = -0. Suppose -4*c + 5 = d. Calculate the remainder when 41 is divided by -3 + 0 - (c + -18).
13
Suppose -2*s = -6*s + 12. Suppose 0*l + 57 = s*l. What is the remainder when ((-2)/(-4))/(2/224) is divided by l?
18
Suppose 16*c = 13*c + 54. What is the remainder when 176 is divided by c?
14
Suppose -2*o + 101 = -0*o + 3*l, -265 = -5*o + 5*l. Suppose b + b = o. Calculate the remainder when b is divided by 14.
12
Let w be (-27)/12 - 2/(-8). Suppose -5*y - 14 = -49. Calculate the remainder when 0 + 22 + (w - 0) is divided by y.
6
Suppose 3 + 3 = 3*m. Let w(i) = 7*i - 5. Calculate the remainder when w(5) is divided by (3 + 5/m)*2.
8
Let u(m) = m**2 + 9*m + 10. What is the remainder when 29 is divided by u(-9)?
9
Suppose 0 = 5*n, -t = 3*t - 2*n - 348. Calculate the remainder when t is divided by 22.
21
Let a = -81 - -158. Calculate the remainder when a is divided by 26.
25
Suppose 8*h = -174 + 2318. Calculate the remainder when h is divided by 68.
64
Let n be 1 - ((2 - 0) + 1). What is the remainder when (-1 + n)*(-8)/6 is divided by 3?
1
Let k(b) = -b**3 - 7*b**2 - 8*b - 5. Suppose -r + 88 = -16*s + 21*s, -3*r - 96 = -5*s. Calculate the remainder when s is divided by k(-6).
4
Let m(r) = 57*r - 6. Let d be m(3). Suppose v = 6*v - d. Suppose 5*o - 73 = 12. Calculate the remainder when v is divided by o.
16
Suppose p = 6*p - 180. Calculate the remainder when p is divided by 13.
10
Let n = 21 - 10. Let q = n - -7. Calculate the remainder when 53 is divided by q.
17
Suppose 7*n - 2*n = x - 23, -5*x + 2*n = -115. What is the remainder when x is divided by 8?
7
Suppose 0 = 4*l - 55 - 17. Let k(o) = 11*o - 1. Let q = -1 - -2. What is the remainder when l is divided by k(q)?
8
Let p(k) = 2*k + 44. Calculate the remainder when p(0) is divided by 12.
8
Let x(j) = -j**2 - 7*j - 6. Let q be x(-6). Suppose -4*h - 97 + 32 = 5*g, q = -5*h - g - 55. Let y = 19 + h. What is the remainder when 26 is divided by y?
8
Let f = -19 + 47. What is the remainder when 53 is divided by f?
25
Let k = 15 + 1. Calculate the remainder when 29 is divided by k.
13
Let l = 25 - 8. What is the remainder when l is divided by 5 + -2 - -1*3?
5
Let c = 17 